920.
115
Calculate the highest common divisor of 10 and 101770.
10
Calculate the greatest common divisor of 19581 and 183.
183
Calculate the greatest common factor of 330885 and 513.
513
Calculate the greatest common factor of 32046 and 21.
21
What is the greatest common divisor of 18778 and 38?
2
What is the highest common divisor of 21 and 370797?
21
What is the greatest common divisor of 7293 and 12597?
663
What is the highest common divisor of 158346 and 9006?
114
What is the greatest common factor of 243718 and 1864?
466
What is the greatest common factor of 950 and 3686?
38
What is the greatest common factor of 595 and 2185690?
85
What is the highest common factor of 269256 and 10296?
312
Calculate the greatest common divisor of 47808 and 216.
72
What is the highest common divisor of 2180 and 210588?
436
What is the greatest common factor of 36 and 1442676?
12
What is the highest common factor of 1990 and 10682320?
1990
Calculate the greatest common factor of 7330 and 305661.
733
Calculate the greatest common factor of 11316 and 2300.
92
Calculate the greatest common divisor of 2475 and 19395.
45
Calculate the greatest common divisor of 360 and 687114.
18
What is the highest common factor of 127411 and 206?
103
Calculate the greatest common factor of 66021 and 25737.
1119
Calculate the highest common divisor of 840 and 113840.
40
What is the highest common factor of 575 and 7084?
23
Calculate the greatest common divisor of 13056 and 64.
64
What is the greatest common divisor of 142610 and 30?
10
What is the highest common factor of 63252 and 14868?
252
What is the highest common factor of 48167 and 6762?
49
Calculate the highest common divisor of 49 and 4364.
1
What is the highest common factor of 20 and 22595?
5
What is the greatest common factor of 552 and 53084?
92
What is the highest common divisor of 3376 and 34?
2
What is the highest common divisor of 342 and 1285806?
114
What is the greatest common divisor of 254212 and 196?
196
What is the greatest common divisor of 735 and 1595265?
105
What is the greatest common divisor of 798 and 3534?
114
What is the greatest common factor of 60081 and 273?
21
What is the highest common factor of 127823 and 35989?
1241
What is the highest common factor of 58145 and 21460?
145
Calculate the highest common divisor of 4466 and 15022.
406
Calculate the greatest common factor of 17997 and 2247.
21
Calculate the greatest common divisor of 30061 and 23.
23
What is the greatest common factor of 198 and 807642?
198
What is the highest common factor of 8084 and 6837?
43
Calculate the highest common divisor of 5883 and 3975.
159
Calculate the highest common divisor of 10170 and 7290.
90
What is the highest common divisor of 41 and 210043?
41
What is the highest common factor of 2040 and 73032?
408
What is the greatest common divisor of 25 and 169525?
25
Calculate the highest common divisor of 45019 and 13.
13
What is the highest common factor of 37913 and 62?
31
What is the greatest common divisor of 431572 and 92?
92
What is the highest common divisor of 182088 and 1377?
81
What is the highest common factor of 140305 and 440?
55
What is the greatest common divisor of 26 and 7891?
13
What is the greatest common factor of 35953 and 3893?
229
What is the greatest common divisor of 204 and 103938?
102
Calculate the greatest common divisor of 2304 and 5201664.
768
What is the highest common divisor of 730351 and 263?
263
What is the highest common factor of 5362 and 826?
14
What is the greatest common factor of 264579 and 602?
301
What is the greatest common factor of 624 and 52728?
312
What is the highest common divisor of 10566 and 18?
18
Calculate the greatest common factor of 4510 and 418.
22
Calculate the highest common divisor of 15198 and 816.
102
Calculate the greatest common factor of 40698 and 765.
153
Calculate the highest common factor of 77160 and 240.
120
Calculate the highest common factor of 10166 and 832.
26
What is the highest common factor of 4323 and 55?
11
What is the highest common divisor of 2375 and 49761?
19
Calculate the highest common divisor of 20 and 81320.
20
What is the highest common factor of 1059469 and 316?
79
What is the highest common factor of 3952 and 11264?
16
What is the highest common factor of 2570 and 590?
10
What is the highest common divisor of 71151 and 222?
111
Calculate the highest common divisor of 3182 and 16.
2
Calculate the highest common divisor of 60300 and 270.
90
What is the greatest common divisor of 140289 and 202?
101
Calculate the highest common divisor of 62715 and 148.
37
Calculate the highest common factor of 56 and 7994.
14
Calculate the highest common factor of 313920 and 4.
4
What is the highest common divisor of 156912 and 378?
42
Calculate the highest common divisor of 4624 and 27455.
289
Calculate the highest common factor of 21201 and 481.
37
What is the highest common divisor of 174690 and 270?
270
What is the greatest common divisor of 8292 and 105?
3
Calculate the greatest common divisor of 6488 and 1544.
8
Calculate the greatest common divisor of 588402 and 7566.
582
What is the greatest common factor of 11076 and 5616?
156
Calculate the highest common divisor of 350 and 3181850.
350
What is the highest common factor of 372 and 849?
3
Calculate the greatest common factor of 3330 and 6310.
10
Calculate the greatest common divisor of 694 and 2.
2
What is the greatest common divisor of 243721 and 2761?
251
What is the greatest common divisor of 602 and 11180?
86
What is the greatest common divisor of 4356 and 660?
132
Calculate the greatest common divisor of 6468 and 7920.
132
Calculate the highest common divisor of 3726 and 308016.
1242
What is the greatest common factor of 60 and 137985?
15
Calculate the highest common divisor of 47898 and 262552.
1774
What is the greatest common divisor of 1366045 and 145?
145
Calculate the greatest common divisor of 45 and 3853.
1
Calculate the greatest common factor of 12 and 22011.
3
Calculate the highest common factor of 133031 and 22025.
881
What is the greatest common factor of 16 and 101368?
8
Calculate the greatest common divisor of 40705 and 14.
7
What is the greatest common factor of 305 and 39223?
61
Calculate the highest common factor of 754 and 175305.
377
Calculate the highest common divisor of 55 and 550110.
55
What is the greatest common factor of 11055 and 1815?
165
Calculate the greatest common factor of 5274764 and 88.
44
Calculate the highest common divisor of 112640 and 22.
22
Calculate the highest common factor of 6 and 16776.
6
Calculate the highest common factor of 6 and 339.
3
What is the highest common factor of 204823 and 61704?
857
Calculate the highest common divisor of 135 and 195345.
135
Calculate the greatest common divisor of 51 and 37196.
17
Calculate the greatest common factor of 1848 and 319032.
168
Calculate the highest common divisor of 138684 and 2794.
254
Calculate the highest common factor of 57 and 311296.
19
What is the highest common factor of 62 and 70463?
31
Calculate the highest common divisor of 24280 and 280.
40
What is the greatest common factor of 57354 and 37367?
869
Calculate the greatest common divisor of 3051 and 1863.
27
Calculate the greatest common factor of 37040 and 3472.
16
Calculate the greatest common factor of 64 and 195168.
32
Calculate the greatest common divisor of 3708 and 9348.
12
Calculate the highest common factor of 224 and 416.
32
What is the highest common factor of 7766 and 20827?
353
Calculate the highest common factor of 265 and 27189.
53
What is the highest common factor of 585732 and 168?
84
What is the highest common divisor of 7661 and 1269?
47
Calculate the greatest common divisor of 3384 and 104152.
376
What is the highest common divisor of 1697510 and 15?
5
Calculate the greatest common divisor of 2079364 and 70.
14
What is the highest common factor of 2848 and 89?
89
Calculate the highest common divisor of 29 and 1943493.
29
What is the greatest common factor of 3030 and 8070?
30
Calculate the highest common divisor of 876 and 3528.
12
What is the highest common divisor of 53336 and 51448?
472
What is the greatest common divisor of 480 and 18210?
30
What is the greatest common factor of 266 and 37156?
14
Calcula